{"id":65,"date":"2023-09-15T17:08:21","date_gmt":"2023-09-15T15:08:21","guid":{"rendered":"http:\/\/scppstrecno.sk\/?page_id=65"},"modified":"2026-01-23T11:28:36","modified_gmt":"2026-01-23T10:28:36","slug":"tlaciva","status":"publish","type":"page","link":"https:\/\/scppstrecno.sk\/?page_id=65","title":{"rendered":"Tla\u010div\u00e1"},"content":{"rendered":"<p>[et_pb_section fb_built=&#8220;1&#8243; admin_label=&#8220;Services&#8220; _builder_version=&#8220;4.16&#8243; background_image=&#8220;http:\/\/scppstrecno.sk\/wp-content\/uploads\/2023\/09\/interpreter-79.png&#8220; background_size=&#8220;contain&#8220; background_position=&#8220;top_right&#8220; custom_padding=&#8220;1vw||1vw||true|false&#8220; background_last_edited=&#8220;on|tablet&#8220; background_enable_color_tablet=&#8220;off&#8220; background_image_tablet=&#8220;http:\/\/scppstrecno.sk\/wp-content\/uploads\/2023\/09\/interpreter-76.png&#8220; background_enable_image_tablet=&#8220;on&#8220; background_size_tablet=&#8220;cover&#8220; background_position_tablet=&#8220;top_center&#8220; global_colors_info=&#8220;{}&#8220; title_text_tablet=&#8220;interpreter-76&#8243;][et_pb_row _builder_version=&#8220;4.16&#8243; custom_margin=&#8220;5px|auto||auto||&#8220; custom_padding=&#8220;0px|||||&#8220; global_colors_info=&#8220;{}&#8220;][et_pb_column type=&#8220;4_4&#8243; _builder_version=&#8220;4.16&#8243; global_colors_info=&#8220;{}&#8220;][et_pb_divider color=&#8220;#6E98F2&#8243; divider_weight=&#8220;8px&#8220; _builder_version=&#8220;4.16&#8243; width=&#8220;100%&#8220; max_width=&#8220;40px&#8220; module_alignment=&#8220;center&#8220; global_colors_info=&#8220;{}&#8220;][\/et_pb_divider][et_pb_text _builder_version=&#8220;4.22.1&#8243; text_font=&#8220;Rubik||||||||&#8220; text_text_color=&#8220;#FFFFFF&#8220; text_font_size=&#8220;16px&#8220; text_line_height=&#8220;2em&#8220; header_font=&#8220;Rubik|500|||||||&#8220; header_text_color=&#8220;#1a3066&#8243; header_font_size=&#8220;54px&#8220; header_line_height=&#8220;1.3em&#8220; header_2_font=&#8220;Rubik|500|||||||&#8220; header_2_font_size=&#8220;38px&#8220; header_2_line_height=&#8220;1.3em&#8220; text_orientation=&#8220;center&#8220; background_layout=&#8220;dark&#8220; max_width=&#8220;640px&#8220; module_alignment=&#8220;center&#8220; custom_padding=&#8220;||0px|||&#8220; text_font_size_tablet=&#8220;&#8220; text_font_size_phone=&#8220;14px&#8220; text_font_size_last_edited=&#8220;on|phone&#8220; header_font_size_tablet=&#8220;44px&#8220; header_font_size_phone=&#8220;34px&#8220; header_font_size_last_edited=&#8220;on|phone&#8220; header_2_font_size_tablet=&#8220;30px&#8220; header_2_font_size_phone=&#8220;24px&#8220; header_2_font_size_last_edited=&#8220;on|phone&#8220; locked=&#8220;off&#8220; global_colors_info=&#8220;{}&#8220;]<\/p>\n<h1><span style=\"color: #333333;\">TLA\u010cIV\u00c1<\/span><\/h1>\n<p>[\/et_pb_text][\/et_pb_column][\/et_pb_row][et_pb_row column_structure=&#8220;1_3,1_3,1_3&#8243; _builder_version=&#8220;4.22.1&#8243; custom_margin=&#8220;0px|auto||auto||&#8220; global_colors_info=&#8220;{}&#8220;][et_pb_column type=&#8220;1_3&#8243; _builder_version=&#8220;4.16&#8243; background_color=&#8220;#ffffff&#8220; custom_padding=&#8220;4vw|30px|4vw|30px|true|true&#8220; custom_padding_tablet=&#8220;30px|30px|30px|30px|true|true&#8220; custom_padding_phone=&#8220;20px|20px|20px|20px|true|true&#8220; custom_padding_last_edited=&#8220;on|phone&#8220; border_radii=&#8220;on|24px|24px|24px|24px&#8220; box_shadow_style=&#8220;preset3&#8243; box_shadow_vertical=&#8220;32px&#8220; box_shadow_blur=&#8220;52px&#8220; box_shadow_spread=&#8220;0px&#8220; box_shadow_color=&#8220;rgba(26,48,102,0.1)&#8220; global_colors_info=&#8220;{}&#8220;][et_pb_blurb title=&#8220;GDPR (vlastnoru\u010dn\u00fd podpis oboch z\u00e1konn\u00fdch z\u00e1stupcov)&#8220; url=&#8220;http:\/\/scppstrecno.sk\/wp-content\/uploads\/2026\/01\/GDPR_web.pdf&#8220; image=&#8220;http:\/\/scppstrecno.sk\/wp-content\/uploads\/2023\/09\/interpreter-icon-10.png&#8220; icon_alignment=&#8220;left&#8220; content_max_width=&#8220;100%&#8220; _builder_version=&#8220;4.22.1&#8243; header_font=&#8220;Rubik|500|||||||&#8220; header_text_color=&#8220;#3d3d3d&#8220; header_font_size=&#8220;18px&#8220; header_line_height=&#8220;1.2em&#8220; body_font=&#8220;Rubik||||||||&#8220; body_text_color=&#8220;#546681&#8243; body_line_height=&#8220;2em&#8220; animation=&#8220;off&#8220; locked=&#8220;off&#8220; global_colors_info=&#8220;{}&#8220;][\/et_pb_blurb][et_pb_cta button_url=&#8220;http:\/\/scppstrecno.sk\/wp-content\/uploads\/2026\/01\/GDPR_web.pdf&#8220; url_new_window=&#8220;on&#8220; button_text=&#8220;STIAHNU\u0164&#8220; _builder_version=&#8220;4.22.1&#8243; _module_preset=&#8220;default&#8220; background_color=&#8220;RGBA(255,255,255,0)&#8220; custom_button=&#8220;on&#8220; button_text_size=&#8220;14px&#8220; button_bg_color=&#8220;#eab49f&#8220; button_border_width=&#8220;0px&#8220; button_border_radius=&#8220;80px&#8220; button_letter_spacing=&#8220;2px&#8220; button_font=&#8220;PT Sans||||||||&#8220; button_icon=&#8220;&#xf063;||fa||900&#8243; button_icon_color=&#8220;#FFFFFF&#8220; custom_margin=&#8220;-55px||-13px|||&#8220; custom_padding=&#8220;||5px|||&#8220; box_shadow_style_button=&#8220;preset1&#8243; global_colors_info=&#8220;{}&#8220;][\/et_pb_cta][\/et_pb_column][et_pb_column type=&#8220;1_3&#8243; _builder_version=&#8220;4.16&#8243; background_color=&#8220;#ffffff&#8220; custom_padding=&#8220;4vw|30px|4vw|30px|true|true&#8220; custom_padding_tablet=&#8220;30px|30px|30px|30px|true|true&#8220; custom_padding_phone=&#8220;20px|20px|20px|20px|true|true&#8220; custom_padding_last_edited=&#8220;on|phone&#8220; border_radii=&#8220;on|24px|24px|24px|24px&#8220; box_shadow_style=&#8220;preset3&#8243; box_shadow_vertical=&#8220;32px&#8220; box_shadow_blur=&#8220;52px&#8220; box_shadow_spread=&#8220;0px&#8220; box_shadow_color=&#8220;rgba(26,48,102,0.1)&#8220; global_colors_info=&#8220;{}&#8220;][et_pb_blurb title=&#8220;GDPR pr\u00edloha&#8220; url=&#8220;http:\/\/scppstrecno.sk\/wp-content\/uploads\/2025\/03\/gdpr_priloha.pdf&#8220; image=&#8220;http:\/\/scppstrecno.sk\/wp-content\/uploads\/2023\/09\/interpreter-icon-10.png&#8220; icon_alignment=&#8220;left&#8220; content_max_width=&#8220;100%&#8220; _builder_version=&#8220;4.22.1&#8243; header_font=&#8220;Rubik|500|||||||&#8220; header_text_color=&#8220;#3d3d3d&#8220; header_font_size=&#8220;18px&#8220; header_line_height=&#8220;1.2em&#8220; body_font=&#8220;Rubik||||||||&#8220; body_text_color=&#8220;#546681&#8243; body_line_height=&#8220;2em&#8220; animation=&#8220;off&#8220; body_font_size_phone=&#8220;14px&#8220; body_font_size_last_edited=&#8220;off|desktop&#8220; global_colors_info=&#8220;{}&#8220;][\/et_pb_blurb][et_pb_cta button_url=&#8220;http:\/\/scppstrecno.sk\/wp-content\/uploads\/2026\/01\/gdpr_priloha_-s-poplatkom.pdf&#8220; url_new_window=&#8220;on&#8220; button_text=&#8220;STIAHNU\u0164&#8220; _builder_version=&#8220;4.22.1&#8243; _module_preset=&#8220;default&#8220; background_color=&#8220;RGBA(255,255,255,0)&#8220; custom_button=&#8220;on&#8220; button_text_size=&#8220;14px&#8220; button_bg_color=&#8220;#eab49f&#8220; button_border_width=&#8220;0px&#8220; button_border_radius=&#8220;80px&#8220; button_letter_spacing=&#8220;2px&#8220; button_font=&#8220;PT Sans||||||||&#8220; button_icon=&#8220;&#xf063;||fa||900&#8243; button_icon_color=&#8220;#FFFFFF&#8220; custom_margin=&#8220;-55px||-13px|||&#8220; custom_padding=&#8220;||5px|||&#8220; box_shadow_style_button=&#8220;preset1&#8243; global_colors_info=&#8220;{}&#8220;][\/et_pb_cta][\/et_pb_column][et_pb_column type=&#8220;1_3&#8243; _builder_version=&#8220;4.16&#8243; background_color=&#8220;#ffffff&#8220; custom_padding=&#8220;4vw|30px|4vw|30px|true|true&#8220; custom_padding_tablet=&#8220;30px|30px|30px|30px|true|true&#8220; custom_padding_phone=&#8220;20px|20px|20px|20px|true|true&#8220; custom_padding_last_edited=&#8220;on|phone&#8220; border_radii=&#8220;on|24px|24px|24px|24px&#8220; box_shadow_style=&#8220;preset3&#8243; box_shadow_vertical=&#8220;32px&#8220; box_shadow_blur=&#8220;52px&#8220; box_shadow_spread=&#8220;0px&#8220; box_shadow_color=&#8220;rgba(26,48,102,0.1)&#8220; global_colors_info=&#8220;{}&#8220;][et_pb_blurb title=&#8220;\u017diados\u0165 pedagogick\u00fd asistent&#8220; url=&#8220;http:\/\/scppstrecno.sk\/wp-content\/uploads\/2025\/03\/Ziadost-o-odporucanie-na-pridelenie-asistenta-ucitela.pdf&#8220; image=&#8220;http:\/\/scppstrecno.sk\/wp-content\/uploads\/2023\/09\/interpreter-icon-10.png&#8220; icon_alignment=&#8220;left&#8220; content_max_width=&#8220;100%&#8220; _builder_version=&#8220;4.22.1&#8243; header_font=&#8220;Rubik|500|||||||&#8220; header_text_color=&#8220;#3d3d3d&#8220; header_font_size=&#8220;18px&#8220; header_line_height=&#8220;1.2em&#8220; body_font=&#8220;Rubik||||||||&#8220; body_text_color=&#8220;#546681&#8243; body_line_height=&#8220;2em&#8220; custom_padding=&#8220;||9px|||&#8220; animation=&#8220;off&#8220; locked=&#8220;off&#8220; global_colors_info=&#8220;{}&#8220;][\/et_pb_blurb][et_pb_cta button_url=&#8220;http:\/\/scppstrecno.sk\/wp-content\/uploads\/2026\/01\/Ziadost-o-odporucanie-na-pridelenie-asistenta-ucitela-2026_27.pdf&#8220; url_new_window=&#8220;on&#8220; button_text=&#8220;STIAHNU\u0164&#8220; _builder_version=&#8220;4.22.1&#8243; _module_preset=&#8220;default&#8220; background_color=&#8220;RGBA(255,255,255,0)&#8220; custom_button=&#8220;on&#8220; button_text_size=&#8220;14px&#8220; button_bg_color=&#8220;#eab49f&#8220; button_border_width=&#8220;0px&#8220; button_border_radius=&#8220;80px&#8220; button_letter_spacing=&#8220;2px&#8220; button_font=&#8220;PT Sans||||||||&#8220; button_icon=&#8220;&#xf063;||fa||900&#8243; button_icon_color=&#8220;#FFFFFF&#8220; custom_margin=&#8220;-55px||-13px|||&#8220; custom_padding=&#8220;||5px|||&#8220; box_shadow_style_button=&#8220;preset1&#8243; global_colors_info=&#8220;{}&#8220;][\/et_pb_cta][\/et_pb_column][\/et_pb_row][et_pb_row column_structure=&#8220;1_2,1_2&#8243; _builder_version=&#8220;4.22.1&#8243; custom_margin=&#8220;0px|auto||auto||&#8220; hover_enabled=&#8220;0&#8243; global_colors_info=&#8220;{}&#8220; sticky_enabled=&#8220;0&#8243;][et_pb_column type=&#8220;1_2&#8243; _builder_version=&#8220;4.16&#8243; background_color=&#8220;#ffffff&#8220; custom_padding=&#8220;4vw|30px|4vw|30px|true|true&#8220; custom_padding_tablet=&#8220;30px|30px|30px|30px|true|true&#8220; custom_padding_phone=&#8220;20px|20px|20px|20px|true|true&#8220; custom_padding_last_edited=&#8220;on|phone&#8220; border_radii=&#8220;on|24px|24px|24px|24px&#8220; box_shadow_style=&#8220;preset3&#8243; box_shadow_vertical=&#8220;32px&#8220; box_shadow_blur=&#8220;52px&#8220; box_shadow_spread=&#8220;0px&#8220; box_shadow_color=&#8220;rgba(26,48,102,0.1)&#8220; global_colors_info=&#8220;{}&#8220;][et_pb_blurb title=&#8220;Anamn\u00e9za&#8220; url=&#8220;http:\/\/scppstrecno.sk\/wp-content\/uploads\/2025\/03\/gdpr_priloha.pdf&#8220; image=&#8220;http:\/\/scppstrecno.sk\/wp-content\/uploads\/2023\/09\/interpreter-icon-10.png&#8220; icon_alignment=&#8220;left&#8220; content_max_width=&#8220;100%&#8220; _builder_version=&#8220;4.22.1&#8243; header_font=&#8220;Rubik|500|||||||&#8220; header_text_color=&#8220;#3d3d3d&#8220; header_font_size=&#8220;18px&#8220; header_line_height=&#8220;1.2em&#8220; body_font=&#8220;Rubik||||||||&#8220; body_text_color=&#8220;#546681&#8243; body_line_height=&#8220;2em&#8220; animation=&#8220;off&#8220; body_font_size_phone=&#8220;14px&#8220; body_font_size_last_edited=&#8220;off|desktop&#8220; global_colors_info=&#8220;{}&#8220;][\/et_pb_blurb][et_pb_cta button_url=&#8220;http:\/\/scppstrecno.sk\/wp-content\/uploads\/2026\/01\/Anamneza-SCPP.pdf&#8220; url_new_window=&#8220;on&#8220; button_text=&#8220;STIAHNU\u0164&#8220; _builder_version=&#8220;4.22.1&#8243; _module_preset=&#8220;default&#8220; background_color=&#8220;RGBA(255,255,255,0)&#8220; custom_button=&#8220;on&#8220; button_text_size=&#8220;14px&#8220; button_bg_color=&#8220;#eab49f&#8220; button_border_width=&#8220;0px&#8220; button_border_radius=&#8220;80px&#8220; button_letter_spacing=&#8220;2px&#8220; button_font=&#8220;PT Sans||||||||&#8220; button_icon=&#8220;&#xf063;||fa||900&#8243; button_icon_color=&#8220;#FFFFFF&#8220; custom_margin=&#8220;-55px||-13px|||&#8220; custom_padding=&#8220;||5px|||&#8220; box_shadow_style_button=&#8220;preset1&#8243; global_colors_info=&#8220;{}&#8220;][\/et_pb_cta][\/et_pb_column][et_pb_column type=&#8220;1_2&#8243; _builder_version=&#8220;4.16&#8243; background_color=&#8220;#ffffff&#8220; custom_padding=&#8220;4vw|30px|4vw|30px|true|true&#8220; custom_padding_tablet=&#8220;30px|30px|30px|30px|true|true&#8220; custom_padding_phone=&#8220;20px|20px|20px|20px|true|true&#8220; custom_padding_last_edited=&#8220;on|phone&#8220; border_radii=&#8220;on|24px|24px|24px|24px&#8220; box_shadow_style=&#8220;preset3&#8243; box_shadow_vertical=&#8220;32px&#8220; box_shadow_blur=&#8220;52px&#8220; box_shadow_spread=&#8220;0px&#8220; box_shadow_color=&#8220;rgba(26,48,102,0.1)&#8220; global_colors_info=&#8220;{}&#8220;][et_pb_blurb title=&#8220;Pedagogick\u00e1 charakteristika&#8220; url=&#8220;http:\/\/scppstrecno.sk\/wp-content\/uploads\/2025\/03\/Ziadost-o-odporucanie-na-pridelenie-asistenta-ucitela.pdf&#8220; image=&#8220;http:\/\/scppstrecno.sk\/wp-content\/uploads\/2023\/09\/interpreter-icon-10.png&#8220; icon_alignment=&#8220;left&#8220; content_max_width=&#8220;100%&#8220; _builder_version=&#8220;4.22.1&#8243; header_font=&#8220;Rubik|500|||||||&#8220; header_text_color=&#8220;#3d3d3d&#8220; header_font_size=&#8220;18px&#8220; header_line_height=&#8220;1.2em&#8220; body_font=&#8220;Rubik||||||||&#8220; body_text_color=&#8220;#546681&#8243; body_line_height=&#8220;2em&#8220; custom_padding=&#8220;||9px|||&#8220; animation=&#8220;off&#8220; locked=&#8220;off&#8220; global_colors_info=&#8220;{}&#8220;][\/et_pb_blurb][et_pb_cta button_url=&#8220;http:\/\/scppstrecno.sk\/wp-content\/uploads\/2026\/01\/pedagogicka-charakteristika_zs.pdf&#8220; url_new_window=&#8220;on&#8220; button_text=&#8220;STIAHNU\u0164&#8220; _builder_version=&#8220;4.22.1&#8243; _module_preset=&#8220;default&#8220; background_color=&#8220;RGBA(255,255,255,0)&#8220; custom_button=&#8220;on&#8220; button_text_size=&#8220;14px&#8220; button_bg_color=&#8220;#eab49f&#8220; button_border_width=&#8220;0px&#8220; button_border_radius=&#8220;80px&#8220; button_letter_spacing=&#8220;2px&#8220; button_font=&#8220;PT Sans||||||||&#8220; button_icon=&#8220;&#xf063;||fa||900&#8243; button_icon_color=&#8220;#FFFFFF&#8220; custom_margin=&#8220;-55px||-13px|||&#8220; custom_padding=&#8220;||5px|||&#8220; box_shadow_style_button=&#8220;preset1&#8243; global_colors_info=&#8220;{}&#8220;][\/et_pb_cta][\/et_pb_column][\/et_pb_row][\/et_pb_section]<\/p>\n","protected":false},"excerpt":{"rendered":"<p>TLA\u010cIV\u00c1<\/p>\n","protected":false},"author":1,"featured_media":0,"parent":0,"menu_order":0,"comment_status":"closed","ping_status":"closed","template":"","meta":{"_et_pb_use_builder":"on","_et_pb_old_content":"<!-- wp:divi\/placeholder \/-->","_et_gb_content_width":"","_monsterinsights_skip_tracking":false,"_monsterinsights_sitenote_active":false,"_monsterinsights_sitenote_note":"","_monsterinsights_sitenote_category":0,"footnotes":""},"yoast_head":"<!-- This site is optimized with the Yoast SEO plugin v21.1 - https:\/\/yoast.com\/wordpress\/plugins\/seo\/ -->\n<title>Tla\u010div\u00e1 - Centrum Poradenstva a Prevencie Stre\u010dno<\/title>\n<meta name=\"description\" content=\"Prejdite si d\u00f4le\u017eit\u00e9 tla\u010div\u00e1, pripraven\u00e9 na stiahnutie a tla\u010d, t\u00fdkaj\u00face sa slu\u017eieb poradenstva a prevencie.\" \/>\n<meta name=\"robots\" content=\"index, follow, max-snippet:-1, max-image-preview:large, max-video-preview:-1\" \/>\n<link rel=\"canonical\" href=\"https:\/\/scppstrecno.sk\/?page_id=65\" \/>\n<meta property=\"og:locale\" content=\"sk_SK\" \/>\n<meta property=\"og:type\" content=\"article\" \/>\n<meta property=\"og:title\" content=\"Tla\u010div\u00e1 - Centrum Poradenstva a Prevencie Stre\u010dno\" \/>\n<meta property=\"og:description\" content=\"Prejdite si d\u00f4le\u017eit\u00e9 tla\u010div\u00e1, pripraven\u00e9 na stiahnutie a tla\u010d, t\u00fdkaj\u00face sa slu\u017eieb poradenstva a prevencie.\" \/>\n<meta property=\"og:url\" content=\"https:\/\/scppstrecno.sk\/?page_id=65\" \/>\n<meta property=\"og:site_name\" content=\"scppstrecno.sk\" \/>\n<meta property=\"article:modified_time\" content=\"2026-01-23T10:28:36+00:00\" \/>\n<meta name=\"twitter:card\" content=\"summary_large_image\" \/>\n<meta name=\"twitter:label1\" content=\"Predpokladan\u00fd \u010das \u010d\u00edtania\" \/>\n\t<meta name=\"twitter:data1\" content=\"2 min\u00faty\" \/>\n<script type=\"application\/ld+json\" class=\"yoast-schema-graph\">{\"@context\":\"https:\/\/schema.org\",\"@graph\":[{\"@type\":\"WebPage\",\"@id\":\"https:\/\/scppstrecno.sk\/?page_id=65\",\"url\":\"https:\/\/scppstrecno.sk\/?page_id=65\",\"name\":\"Tla\u010div\u00e1 - Centrum Poradenstva a Prevencie Stre\u010dno\",\"isPartOf\":{\"@id\":\"https:\/\/scppstrecno.sk\/#website\"},\"datePublished\":\"2023-09-15T15:08:21+00:00\",\"dateModified\":\"2026-01-23T10:28:36+00:00\",\"description\":\"Prejdite si d\u00f4le\u017eit\u00e9 tla\u010div\u00e1, pripraven\u00e9 na stiahnutie a tla\u010d, t\u00fdkaj\u00face sa slu\u017eieb poradenstva a prevencie.\",\"breadcrumb\":{\"@id\":\"https:\/\/scppstrecno.sk\/?page_id=65#breadcrumb\"},\"inLanguage\":\"sk-SK\",\"potentialAction\":[{\"@type\":\"ReadAction\",\"target\":[\"https:\/\/scppstrecno.sk\/?page_id=65\"]}]},{\"@type\":\"BreadcrumbList\",\"@id\":\"https:\/\/scppstrecno.sk\/?page_id=65#breadcrumb\",\"itemListElement\":[{\"@type\":\"ListItem\",\"position\":1,\"name\":\"Home\",\"item\":\"https:\/\/scppstrecno.sk\/\"},{\"@type\":\"ListItem\",\"position\":2,\"name\":\"Tla\u010div\u00e1\"}]},{\"@type\":\"WebSite\",\"@id\":\"https:\/\/scppstrecno.sk\/#website\",\"url\":\"https:\/\/scppstrecno.sk\/\",\"name\":\"scppstrecno.sk\",\"description\":\"\",\"potentialAction\":[{\"@type\":\"SearchAction\",\"target\":{\"@type\":\"EntryPoint\",\"urlTemplate\":\"https:\/\/scppstrecno.sk\/?s={search_term_string}\"},\"query-input\":\"required name=search_term_string\"}],\"inLanguage\":\"sk-SK\"}]}<\/script>\n<!-- \/ Yoast SEO plugin. -->","yoast_head_json":{"title":"Tla\u010div\u00e1 - Centrum Poradenstva a Prevencie Stre\u010dno","description":"Prejdite si d\u00f4le\u017eit\u00e9 tla\u010div\u00e1, pripraven\u00e9 na stiahnutie a tla\u010d, t\u00fdkaj\u00face sa slu\u017eieb poradenstva a prevencie.","robots":{"index":"index","follow":"follow","max-snippet":"max-snippet:-1","max-image-preview":"max-image-preview:large","max-video-preview":"max-video-preview:-1"},"canonical":"https:\/\/scppstrecno.sk\/?page_id=65","og_locale":"sk_SK","og_type":"article","og_title":"Tla\u010div\u00e1 - Centrum Poradenstva a Prevencie Stre\u010dno","og_description":"Prejdite si d\u00f4le\u017eit\u00e9 tla\u010div\u00e1, pripraven\u00e9 na stiahnutie a tla\u010d, t\u00fdkaj\u00face sa slu\u017eieb poradenstva a prevencie.","og_url":"https:\/\/scppstrecno.sk\/?page_id=65","og_site_name":"scppstrecno.sk","article_modified_time":"2026-01-23T10:28:36+00:00","twitter_card":"summary_large_image","twitter_misc":{"Predpokladan\u00fd \u010das \u010d\u00edtania":"2 min\u00faty"},"schema":{"@context":"https:\/\/schema.org","@graph":[{"@type":"WebPage","@id":"https:\/\/scppstrecno.sk\/?page_id=65","url":"https:\/\/scppstrecno.sk\/?page_id=65","name":"Tla\u010div\u00e1 - Centrum Poradenstva a Prevencie Stre\u010dno","isPartOf":{"@id":"https:\/\/scppstrecno.sk\/#website"},"datePublished":"2023-09-15T15:08:21+00:00","dateModified":"2026-01-23T10:28:36+00:00","description":"Prejdite si d\u00f4le\u017eit\u00e9 tla\u010div\u00e1, pripraven\u00e9 na stiahnutie a tla\u010d, t\u00fdkaj\u00face sa slu\u017eieb poradenstva a prevencie.","breadcrumb":{"@id":"https:\/\/scppstrecno.sk\/?page_id=65#breadcrumb"},"inLanguage":"sk-SK","potentialAction":[{"@type":"ReadAction","target":["https:\/\/scppstrecno.sk\/?page_id=65"]}]},{"@type":"BreadcrumbList","@id":"https:\/\/scppstrecno.sk\/?page_id=65#breadcrumb","itemListElement":[{"@type":"ListItem","position":1,"name":"Home","item":"https:\/\/scppstrecno.sk\/"},{"@type":"ListItem","position":2,"name":"Tla\u010div\u00e1"}]},{"@type":"WebSite","@id":"https:\/\/scppstrecno.sk\/#website","url":"https:\/\/scppstrecno.sk\/","name":"scppstrecno.sk","description":"","potentialAction":[{"@type":"SearchAction","target":{"@type":"EntryPoint","urlTemplate":"https:\/\/scppstrecno.sk\/?s={search_term_string}"},"query-input":"required name=search_term_string"}],"inLanguage":"sk-SK"}]}},"_links":{"self":[{"href":"https:\/\/scppstrecno.sk\/index.php?rest_route=\/wp\/v2\/pages\/65"}],"collection":[{"href":"https:\/\/scppstrecno.sk\/index.php?rest_route=\/wp\/v2\/pages"}],"about":[{"href":"https:\/\/scppstrecno.sk\/index.php?rest_route=\/wp\/v2\/types\/page"}],"author":[{"embeddable":true,"href":"https:\/\/scppstrecno.sk\/index.php?rest_route=\/wp\/v2\/users\/1"}],"replies":[{"embeddable":true,"href":"https:\/\/scppstrecno.sk\/index.php?rest_route=%2Fwp%2Fv2%2Fcomments&post=65"}],"version-history":[{"count":7,"href":"https:\/\/scppstrecno.sk\/index.php?rest_route=\/wp\/v2\/pages\/65\/revisions"}],"predecessor-version":[{"id":1251,"href":"https:\/\/scppstrecno.sk\/index.php?rest_route=\/wp\/v2\/pages\/65\/revisions\/1251"}],"wp:attachment":[{"href":"https:\/\/scppstrecno.sk\/index.php?rest_route=%2Fwp%2Fv2%2Fmedia&parent=65"}],"curies":[{"name":"wp","href":"https:\/\/api.w.org\/{rel}","templated":true}]}}